{"id":95,"date":"2026-03-08T18:19:55","date_gmt":"2026-03-08T18:19:55","guid":{"rendered":"https:\/\/ecole-notredame-marigny.fr\/?page_id=95"},"modified":"2026-03-08T20:24:44","modified_gmt":"2026-03-08T20:24:44","slug":"contact-inscription","status":"publish","type":"page","link":"https:\/\/ecole-notredame-marigny.fr\/index.php\/contact-inscription\/","title":{"rendered":"Contact &#8211; Inscription"},"content":{"rendered":"\n<p class=\"has-medium-font-size\">L&rsquo;\u00e9cole Notre Dame est situ\u00e9e au coeur de la commune de Marigny-Le-Lozon. Id\u00e9alement situ\u00e9e sur l&rsquo;axe St-L\u00f4 &#8211; Coutances.<br>Notre \u00e9cole n&rsquo;est pas soumise \u00e0 la carte scolaire. Nous accueillons les \u00e9l\u00e8ves de nombreux villages alentour. <\/p>\n\n\n\n<figure class=\"wp-block-image size-large is-resized\"><img loading=\"lazy\" decoding=\"async\" width=\"1024\" height=\"619\" src=\"https:\/\/ecole-notredame-marigny.fr\/wp-content\/uploads\/2026\/03\/Capture-decran-2026-03-08-a-19.29.52-1024x619.png\" alt=\"\" class=\"wp-image-105\" style=\"width:776px;height:auto\" srcset=\"https:\/\/ecole-notredame-marigny.fr\/wp-content\/uploads\/2026\/03\/Capture-decran-2026-03-08-a-19.29.52-1024x619.png 1024w, https:\/\/ecole-notredame-marigny.fr\/wp-content\/uploads\/2026\/03\/Capture-decran-2026-03-08-a-19.29.52-300x181.png 300w, https:\/\/ecole-notredame-marigny.fr\/wp-content\/uploads\/2026\/03\/Capture-decran-2026-03-08-a-19.29.52-768x464.png 768w, https:\/\/ecole-notredame-marigny.fr\/wp-content\/uploads\/2026\/03\/Capture-decran-2026-03-08-a-19.29.52.png 1471w\" sizes=\"auto, (max-width: 1024px) 100vw, 1024px\" \/><\/figure>\n\n\n\n<p class=\"has-nv-light-bg-background-color has-background has-medium-font-size\">Notre adresse : <strong>3 rue du 13 juin 1944 50570 MARIGNY<\/strong><\/p>\n\n\n\n<p class=\"has-medium-font-size\"><em>L&rsquo;entr\u00e9e des \u00e9l\u00e8ves se fait rue du G\u00e9n\u00e9ral Huebner, face \u00e0 la gendarmerie. <\/em><\/p>\n\n\n\n<p class=\"has-neve-link-hover-color-color has-text-color has-background has-link-color has-medium-font-size wp-elements-503134a06410b6cb72413ccac17183d6\" style=\"background-color:#bfd5ee\"><strong>Pour toute demande, vous pouvez contacter M. Vigot, chef d&rsquo;\u00e9tablissement :<\/strong><\/p>\n\n\n\n<p class=\"has-nv-light-bg-background-color has-background has-medium-font-size\"><em>Par t\u00e9l\u00e9phone<\/em> : <strong>02.33.55.49.94 ou au 07.67.96.59.91<\/strong><\/p>\n\n\n\n<p class=\"has-nv-light-bg-background-color has-background has-medium-font-size\"><em>Par mail<\/em> : <strong>notredame.marigny@gmail.com<\/strong><\/p>\n\n\n\n<p class=\"has-background has-medium-font-size\" style=\"background-color:#fffb00\"><strong>Si vous souhaitez compl\u00e9ter un formulaire de demande d&rsquo;inscription en ligne, c&rsquo;est <a href=\"https:\/\/docs.google.com\/forms\/d\/e\/1FAIpQLSfJwRYxupj7l_6dPzVsrUQSsmJ6Ou3P9SnSFiqRX3uElPLl0g\/viewform?usp=header\" target=\"_blank\" rel=\"noreferrer noopener\">ICI<\/a> ! Nous vous recontacterons rapidement. <\/strong><\/p>\n\n\n\n<p><\/p>\n","protected":false},"excerpt":{"rendered":"<p>L&rsquo;\u00e9cole Notre Dame est situ\u00e9e au coeur de la commune de Marigny-Le-Lozon. Id\u00e9alement situ\u00e9e sur l&rsquo;axe St-L\u00f4 &#8211; Coutances.Notre \u00e9cole n&rsquo;est pas soumise \u00e0 la carte scolaire. Nous accueillons les \u00e9l\u00e8ves de nombreux villages alentour. Notre adresse : 3 rue du 13 juin 1944 50570 MARIGNY L&rsquo;entr\u00e9e des \u00e9l\u00e8ves se fait rue du G\u00e9n\u00e9ral Huebner,&hellip;&nbsp;<a href=\"https:\/\/ecole-notredame-marigny.fr\/index.php\/contact-inscription\/\" rel=\"bookmark\"><span class=\"screen-reader-text\">Contact &#8211; Inscription<\/span><\/a><\/p>\n","protected":false},"author":1,"featured_media":0,"parent":0,"menu_order":0,"comment_status":"closed","ping_status":"closed","template":"","meta":{"_uag_custom_page_level_css":"","neve_meta_sidebar":"","neve_meta_container":"","neve_meta_enable_content_width":"","neve_meta_content_width":0,"neve_meta_title_alignment":"","neve_meta_author_avatar":"","neve_post_elements_order":"","neve_meta_disable_header":"","neve_meta_disable_footer":"","neve_meta_disable_title":"","footnotes":""},"class_list":["post-95","page","type-page","status-publish","hentry"],"yoast_head":"<!-- This site is optimized with the Yoast SEO plugin v27.1.1 - https:\/\/yoast.com\/product\/yoast-seo-wordpress\/ -->\n<title>Contact - Inscription - Ecole Notre Dame - Marigny<\/title>\n<meta name=\"robots\" content=\"index, follow, max-snippet:-1, max-image-preview:large, max-video-preview:-1\" \/>\n<link rel=\"canonical\" href=\"https:\/\/ecole-notredame-marigny.fr\/index.php\/contact-inscription\/\" \/>\n<meta property=\"og:locale\" content=\"fr_FR\" \/>\n<meta property=\"og:type\" content=\"article\" \/>\n<meta property=\"og:title\" content=\"Contact - Inscription - Ecole Notre Dame - Marigny\" \/>\n<meta property=\"og:description\" content=\"L&rsquo;\u00e9cole Notre Dame est situ\u00e9e au coeur de la commune de Marigny-Le-Lozon. Id\u00e9alement situ\u00e9e sur l&rsquo;axe St-L\u00f4 &#8211; Coutances.Notre \u00e9cole n&rsquo;est pas soumise \u00e0 la carte scolaire. Nous accueillons les \u00e9l\u00e8ves de nombreux villages alentour. Notre adresse : 3 rue du 13 juin 1944 50570 MARIGNY L&rsquo;entr\u00e9e des \u00e9l\u00e8ves se fait rue du G\u00e9n\u00e9ral Huebner,&hellip;&nbsp;Contact &#8211; Inscription\" \/>\n<meta property=\"og:url\" content=\"https:\/\/ecole-notredame-marigny.fr\/index.php\/contact-inscription\/\" \/>\n<meta property=\"og:site_name\" content=\"Ecole Notre Dame - Marigny\" \/>\n<meta property=\"article:modified_time\" content=\"2026-03-08T20:24:44+00:00\" \/>\n<meta property=\"og:image\" content=\"https:\/\/ecole-notredame-marigny.fr\/wp-content\/uploads\/2026\/03\/Capture-decran-2026-03-08-a-19.29.52-1024x619.png\" \/>\n<meta name=\"twitter:card\" content=\"summary_large_image\" \/>\n<meta name=\"twitter:label1\" content=\"Dur\u00e9e de lecture estim\u00e9e\" \/>\n\t<meta name=\"twitter:data1\" content=\"1 minute\" \/>\n<script type=\"application\/ld+json\" class=\"yoast-schema-graph\">{\"@context\":\"https:\/\/schema.org\",\"@graph\":[{\"@type\":\"WebPage\",\"@id\":\"https:\/\/ecole-notredame-marigny.fr\/index.php\/contact-inscription\/\",\"url\":\"https:\/\/ecole-notredame-marigny.fr\/index.php\/contact-inscription\/\",\"name\":\"Contact - Inscription - Ecole Notre Dame - Marigny\",\"isPartOf\":{\"@id\":\"https:\/\/ecole-notredame-marigny.fr\/#website\"},\"primaryImageOfPage\":{\"@id\":\"https:\/\/ecole-notredame-marigny.fr\/index.php\/contact-inscription\/#primaryimage\"},\"image\":{\"@id\":\"https:\/\/ecole-notredame-marigny.fr\/index.php\/contact-inscription\/#primaryimage\"},\"thumbnailUrl\":\"https:\/\/ecole-notredame-marigny.fr\/wp-content\/uploads\/2026\/03\/Capture-decran-2026-03-08-a-19.29.52-1024x619.png\",\"datePublished\":\"2026-03-08T18:19:55+00:00\",\"dateModified\":\"2026-03-08T20:24:44+00:00\",\"breadcrumb\":{\"@id\":\"https:\/\/ecole-notredame-marigny.fr\/index.php\/contact-inscription\/#breadcrumb\"},\"inLanguage\":\"fr-FR\",\"potentialAction\":[{\"@type\":\"ReadAction\",\"target\":[\"https:\/\/ecole-notredame-marigny.fr\/index.php\/contact-inscription\/\"]}]},{\"@type\":\"ImageObject\",\"inLanguage\":\"fr-FR\",\"@id\":\"https:\/\/ecole-notredame-marigny.fr\/index.php\/contact-inscription\/#primaryimage\",\"url\":\"https:\/\/ecole-notredame-marigny.fr\/wp-content\/uploads\/2026\/03\/Capture-decran-2026-03-08-a-19.29.52.png\",\"contentUrl\":\"https:\/\/ecole-notredame-marigny.fr\/wp-content\/uploads\/2026\/03\/Capture-decran-2026-03-08-a-19.29.52.png\",\"width\":1471,\"height\":889},{\"@type\":\"BreadcrumbList\",\"@id\":\"https:\/\/ecole-notredame-marigny.fr\/index.php\/contact-inscription\/#breadcrumb\",\"itemListElement\":[{\"@type\":\"ListItem\",\"position\":1,\"name\":\"Accueil\",\"item\":\"https:\/\/ecole-notredame-marigny.fr\/\"},{\"@type\":\"ListItem\",\"position\":2,\"name\":\"Contact &#8211; Inscription\"}]},{\"@type\":\"WebSite\",\"@id\":\"https:\/\/ecole-notredame-marigny.fr\/#website\",\"url\":\"https:\/\/ecole-notredame-marigny.fr\/\",\"name\":\"Ecole Notre Dame - Marigny\",\"description\":\"Ecole priv\u00e9e catholique\",\"publisher\":{\"@id\":\"https:\/\/ecole-notredame-marigny.fr\/#organization\"},\"potentialAction\":[{\"@type\":\"SearchAction\",\"target\":{\"@type\":\"EntryPoint\",\"urlTemplate\":\"https:\/\/ecole-notredame-marigny.fr\/?s={search_term_string}\"},\"query-input\":{\"@type\":\"PropertyValueSpecification\",\"valueRequired\":true,\"valueName\":\"search_term_string\"}}],\"inLanguage\":\"fr-FR\"},{\"@type\":\"Organization\",\"@id\":\"https:\/\/ecole-notredame-marigny.fr\/#organization\",\"name\":\"Ecole Notre Dame - Marigny\",\"url\":\"https:\/\/ecole-notredame-marigny.fr\/\",\"logo\":{\"@type\":\"ImageObject\",\"inLanguage\":\"fr-FR\",\"@id\":\"https:\/\/ecole-notredame-marigny.fr\/#\/schema\/logo\/image\/\",\"url\":\"https:\/\/ecole-notredame-marigny.fr\/wp-content\/uploads\/2025\/10\/cropped-cropped-cropped-cropped-Logo-ecole-2014-04-1.jpg\",\"contentUrl\":\"https:\/\/ecole-notredame-marigny.fr\/wp-content\/uploads\/2025\/10\/cropped-cropped-cropped-cropped-Logo-ecole-2014-04-1.jpg\",\"width\":625,\"height\":393,\"caption\":\"Ecole Notre Dame - Marigny\"},\"image\":{\"@id\":\"https:\/\/ecole-notredame-marigny.fr\/#\/schema\/logo\/image\/\"}}]}<\/script>\n<!-- \/ Yoast SEO plugin. -->","yoast_head_json":{"title":"Contact - Inscription - Ecole Notre Dame - Marigny","robots":{"index":"index","follow":"follow","max-snippet":"max-snippet:-1","max-image-preview":"max-image-preview:large","max-video-preview":"max-video-preview:-1"},"canonical":"https:\/\/ecole-notredame-marigny.fr\/index.php\/contact-inscription\/","og_locale":"fr_FR","og_type":"article","og_title":"Contact - Inscription - Ecole Notre Dame - Marigny","og_description":"L&rsquo;\u00e9cole Notre Dame est situ\u00e9e au coeur de la commune de Marigny-Le-Lozon. Id\u00e9alement situ\u00e9e sur l&rsquo;axe St-L\u00f4 &#8211; Coutances.Notre \u00e9cole n&rsquo;est pas soumise \u00e0 la carte scolaire. Nous accueillons les \u00e9l\u00e8ves de nombreux villages alentour. Notre adresse : 3 rue du 13 juin 1944 50570 MARIGNY L&rsquo;entr\u00e9e des \u00e9l\u00e8ves se fait rue du G\u00e9n\u00e9ral Huebner,&hellip;&nbsp;Contact &#8211; Inscription","og_url":"https:\/\/ecole-notredame-marigny.fr\/index.php\/contact-inscription\/","og_site_name":"Ecole Notre Dame - Marigny","article_modified_time":"2026-03-08T20:24:44+00:00","og_image":[{"url":"https:\/\/ecole-notredame-marigny.fr\/wp-content\/uploads\/2026\/03\/Capture-decran-2026-03-08-a-19.29.52-1024x619.png","type":"","width":"","height":""}],"twitter_card":"summary_large_image","twitter_misc":{"Dur\u00e9e de lecture estim\u00e9e":"1 minute"},"schema":{"@context":"https:\/\/schema.org","@graph":[{"@type":"WebPage","@id":"https:\/\/ecole-notredame-marigny.fr\/index.php\/contact-inscription\/","url":"https:\/\/ecole-notredame-marigny.fr\/index.php\/contact-inscription\/","name":"Contact - Inscription - Ecole Notre Dame - Marigny","isPartOf":{"@id":"https:\/\/ecole-notredame-marigny.fr\/#website"},"primaryImageOfPage":{"@id":"https:\/\/ecole-notredame-marigny.fr\/index.php\/contact-inscription\/#primaryimage"},"image":{"@id":"https:\/\/ecole-notredame-marigny.fr\/index.php\/contact-inscription\/#primaryimage"},"thumbnailUrl":"https:\/\/ecole-notredame-marigny.fr\/wp-content\/uploads\/2026\/03\/Capture-decran-2026-03-08-a-19.29.52-1024x619.png","datePublished":"2026-03-08T18:19:55+00:00","dateModified":"2026-03-08T20:24:44+00:00","breadcrumb":{"@id":"https:\/\/ecole-notredame-marigny.fr\/index.php\/contact-inscription\/#breadcrumb"},"inLanguage":"fr-FR","potentialAction":[{"@type":"ReadAction","target":["https:\/\/ecole-notredame-marigny.fr\/index.php\/contact-inscription\/"]}]},{"@type":"ImageObject","inLanguage":"fr-FR","@id":"https:\/\/ecole-notredame-marigny.fr\/index.php\/contact-inscription\/#primaryimage","url":"https:\/\/ecole-notredame-marigny.fr\/wp-content\/uploads\/2026\/03\/Capture-decran-2026-03-08-a-19.29.52.png","contentUrl":"https:\/\/ecole-notredame-marigny.fr\/wp-content\/uploads\/2026\/03\/Capture-decran-2026-03-08-a-19.29.52.png","width":1471,"height":889},{"@type":"BreadcrumbList","@id":"https:\/\/ecole-notredame-marigny.fr\/index.php\/contact-inscription\/#breadcrumb","itemListElement":[{"@type":"ListItem","position":1,"name":"Accueil","item":"https:\/\/ecole-notredame-marigny.fr\/"},{"@type":"ListItem","position":2,"name":"Contact &#8211; Inscription"}]},{"@type":"WebSite","@id":"https:\/\/ecole-notredame-marigny.fr\/#website","url":"https:\/\/ecole-notredame-marigny.fr\/","name":"Ecole Notre Dame - Marigny","description":"Ecole priv\u00e9e catholique","publisher":{"@id":"https:\/\/ecole-notredame-marigny.fr\/#organization"},"potentialAction":[{"@type":"SearchAction","target":{"@type":"EntryPoint","urlTemplate":"https:\/\/ecole-notredame-marigny.fr\/?s={search_term_string}"},"query-input":{"@type":"PropertyValueSpecification","valueRequired":true,"valueName":"search_term_string"}}],"inLanguage":"fr-FR"},{"@type":"Organization","@id":"https:\/\/ecole-notredame-marigny.fr\/#organization","name":"Ecole Notre Dame - Marigny","url":"https:\/\/ecole-notredame-marigny.fr\/","logo":{"@type":"ImageObject","inLanguage":"fr-FR","@id":"https:\/\/ecole-notredame-marigny.fr\/#\/schema\/logo\/image\/","url":"https:\/\/ecole-notredame-marigny.fr\/wp-content\/uploads\/2025\/10\/cropped-cropped-cropped-cropped-Logo-ecole-2014-04-1.jpg","contentUrl":"https:\/\/ecole-notredame-marigny.fr\/wp-content\/uploads\/2025\/10\/cropped-cropped-cropped-cropped-Logo-ecole-2014-04-1.jpg","width":625,"height":393,"caption":"Ecole Notre Dame - Marigny"},"image":{"@id":"https:\/\/ecole-notredame-marigny.fr\/#\/schema\/logo\/image\/"}}]}},"uagb_featured_image_src":{"full":false,"thumbnail":false,"medium":false,"medium_large":false,"large":false,"1536x1536":false,"2048x2048":false,"neve-blog":false},"uagb_author_info":{"display_name":"Dir-ecole","author_link":"https:\/\/ecole-notredame-marigny.fr\/index.php\/author\/admin6607\/"},"uagb_comment_info":0,"uagb_excerpt":"L&rsquo;\u00e9cole Notre Dame est situ\u00e9e au coeur de la commune de Marigny-Le-Lozon. Id\u00e9alement situ\u00e9e sur l&rsquo;axe St-L\u00f4 &#8211; Coutances.Notre \u00e9cole n&rsquo;est pas soumise \u00e0 la carte scolaire. Nous accueillons les \u00e9l\u00e8ves de nombreux villages alentour. Notre adresse : 3 rue du 13 juin 1944 50570 MARIGNY L&rsquo;entr\u00e9e des \u00e9l\u00e8ves se fait rue du G\u00e9n\u00e9ral Huebner,&hellip;&nbsp;Contact\u2026","_links":{"self":[{"href":"https:\/\/ecole-notredame-marigny.fr\/index.php\/wp-json\/wp\/v2\/pages\/95","targetHints":{"allow":["GET"]}}],"collection":[{"href":"https:\/\/ecole-notredame-marigny.fr\/index.php\/wp-json\/wp\/v2\/pages"}],"about":[{"href":"https:\/\/ecole-notredame-marigny.fr\/index.php\/wp-json\/wp\/v2\/types\/page"}],"author":[{"embeddable":true,"href":"https:\/\/ecole-notredame-marigny.fr\/index.php\/wp-json\/wp\/v2\/users\/1"}],"replies":[{"embeddable":true,"href":"https:\/\/ecole-notredame-marigny.fr\/index.php\/wp-json\/wp\/v2\/comments?post=95"}],"version-history":[{"count":8,"href":"https:\/\/ecole-notredame-marigny.fr\/index.php\/wp-json\/wp\/v2\/pages\/95\/revisions"}],"predecessor-version":[{"id":129,"href":"https:\/\/ecole-notredame-marigny.fr\/index.php\/wp-json\/wp\/v2\/pages\/95\/revisions\/129"}],"wp:attachment":[{"href":"https:\/\/ecole-notredame-marigny.fr\/index.php\/wp-json\/wp\/v2\/media?parent=95"}],"curies":[{"name":"wp","href":"https:\/\/api.w.org\/{rel}","templated":true}]}}